{"id":52,"date":"2023-04-29T07:36:22","date_gmt":"2023-04-29T07:36:22","guid":{"rendered":"https:\/\/infac.co.in\/art\/?page_id=52"},"modified":"2023-08-04T15:05:12","modified_gmt":"2023-08-04T15:05:12","slug":"objectives-rules","status":"publish","type":"page","link":"https:\/\/infac.co.in\/art\/performing-arts\/objectives-rules\/","title":{"rendered":"Objectives &amp; Rules"},"content":{"rendered":"\n<p><h6>\u201c [M]usic  is the prophet\u2019s art ; among the gifts that God  hath sent, one of the most  magnificent \u201d. \u2013 Longfellow<\/h6><\/p>\n\n\n\n<p><h6>\u201cDance is the joy of movement and the heart of life.\u201d\n\u201cThose move easiest, who have learned to dance\u201d- Pope\n<\/h6><\/p>\n\n\n<h3>A few words<\/h3>\n\n\n<p>Indian National Forum of Art and Culture (INFAC) is a public charitable trust  recognised by the Government of India, Ministry of Finance, Department of Revenue (Income Tax) and  is an  ISO9001: 2015 certified organisation which has since 2005  been relentlessly  working  to promote and invigorate, amongst other, performing arts in the fields of Music (Vocal &amp; instrumental), Dance, etc., through organising  programmes, competition, workshops, holding seminars.<\/p>\n\n\n<h3>Highlights of INFAC\u2019s star achievements in the field<\/h3>\n\n\n<p>\n<ul>\n<li><strong>May10, 2007-<\/strong> A musical Extravaganza was held in association with S\u0101 r\u00e9 g\u0101 m\u0101 H.M.V. at Kala Mandir Auditorium, Kolkata. <\/li>\n<li><strong>June 21, 2007- <\/strong> World Music Day was observed through a musical programme at Mahanayak Uttam mancha, Kolkata, attended , amongst others, by <\/li>\n<li><strong>December 15, 2007-<\/strong> An Odyssey of Multifaceted Art was organised at Science City Auditorium, Kolkata, in collaboration with Eastern Zonal Cultural Centre , Kolkata, Ministry of Culture, Government of India, attended , amongst others, by Pt. Hariprasad Chaurasia  &#038; Rakesh Chaurasia (Flute), Pt. Swapan Chaudhury &#038; Pt. Subhankar Banerjee (Tabla),  Jino Bang ( Key Board), Atul Ranenga (Drums),  Srikanta Acharya &#038; Dr. Nupur Ganguly (Vocal Music), Mamata Shankar &#038; Troup (Dance ), Actor Soumitra  Chatterjee , Jagannath basu &#038; Urmimala basu (Recitation).  <\/li>\n<li><strong>January 23, 2011-<\/strong> All India Merit Test Contest in Performing Arts held under the auspices of  INFAC<\/li>\n<\/ul>\n<\/p>\n","protected":false},"excerpt":{"rendered":"<p>\u201c [M]usic is the prophet\u2019s art ; among the gifts that God hath sent, one of the most magnificent \u201d. \u2013 Longfellow \u201cDance is the joy of movement and the heart of life.\u201d \u201cThose move easiest, who have learned to dance\u201d- Pope A few words Indian National Forum of Art and Culture (INFAC) is a [&hellip;]<\/p>\n","protected":false},"author":1,"featured_media":50,"parent":43,"menu_order":1,"comment_status":"closed","ping_status":"closed","template":"","meta":{"ngg_post_thumbnail":0,"footnotes":""},"class_list":["post-52","page","type-page","status-publish","has-post-thumbnail","hentry"],"_links":{"self":[{"href":"https:\/\/infac.co.in\/art\/wp-json\/wp\/v2\/pages\/52","targetHints":{"allow":["GET"]}}],"collection":[{"href":"https:\/\/infac.co.in\/art\/wp-json\/wp\/v2\/pages"}],"about":[{"href":"https:\/\/infac.co.in\/art\/wp-json\/wp\/v2\/types\/page"}],"author":[{"embeddable":true,"href":"https:\/\/infac.co.in\/art\/wp-json\/wp\/v2\/users\/1"}],"replies":[{"embeddable":true,"href":"https:\/\/infac.co.in\/art\/wp-json\/wp\/v2\/comments?post=52"}],"version-history":[{"count":23,"href":"https:\/\/infac.co.in\/art\/wp-json\/wp\/v2\/pages\/52\/revisions"}],"predecessor-version":[{"id":328,"href":"https:\/\/infac.co.in\/art\/wp-json\/wp\/v2\/pages\/52\/revisions\/328"}],"up":[{"embeddable":true,"href":"https:\/\/infac.co.in\/art\/wp-json\/wp\/v2\/pages\/43"}],"wp:featuredmedia":[{"embeddable":true,"href":"https:\/\/infac.co.in\/art\/wp-json\/wp\/v2\/media\/50"}],"wp:attachment":[{"href":"https:\/\/infac.co.in\/art\/wp-json\/wp\/v2\/media?parent=52"}],"curies":[{"name":"wp","href":"https:\/\/api.w.org\/{rel}","templated":true}]}}